*2/2 + 2669*k. What is m(0)?
1
Let p(i) be the second derivative of -i**4/12 - 5*i**3/3 + 5*i**2/2 - 122*i. Let s(c) = -c**3 + 5*c**2 + 26. Let z be s(6). Give p(z).
5
Let l(r) = 6*r**2 - 299*r**3 - 10 - 2*r**2 + 297*r**3 + 11*r**2 + 10*r - r. What is l(8)?
-2
Let h(x) = 2*x - 22. Let o(q) = -q**2 - 13*q - 19. Suppose 36 = -173*i + 161*i. Let g be o(i). Calculate h(g).
0
Let i(z) = -z**2 + z - 58. Suppose 5*t - 2*k + 6 = 0, 6 = -t - 30*k + 32*k. Give i(t).
-58
Suppose -94*l + 101*l = 21. Suppose 10 = -v - k, -4*v = l*k + 3 + 38. Let f(a) = -a**3 - 12*a**2 - 12*a - 10. What is f(v)?
1
Let k(m) = 18*m**2 + 12*m - 19. Let g(h) = 14*h**2 + 9*h - 17. Let x(j) = -4*g(j) + 3*k(j). Calculate x(0).
11
Let d(i) = -6*i - 5. Let l(t) = 5*t + 4. Let y(b) = -4*d(b) - 5*l(b). Let r be -1*3 + (5 + -11 - -62). Suppose -4*u - 29 = -r. What is y(u)?
-6
Let g(r) = -r - 11. Suppose 0 = -p - 2*p + 33. Let y(l) = -2*l + 13. Let z be y(p). Let a = z + -1. Determine g(a).
-1
Let y(b) = -9*b**2 + 3*b + 45. Let z(j) = -29*j**2 + 12*j + 138. Let t(w) = 13*y(w) - 4*z(w). Give t(-14).
-37
Suppose -2*m - 8 = -4*u, 0*m + 28 = 3*m + 4*u. Let b(s) be the first derivative of 71 - 1/3*s**3 + 2*s**2 + 5*s. Calculate b(m).
5
Suppose 0*i - i - 5 = 0. Let x(d) = -d**3 + 8*d**2 - d + 13. Let w be x(8). Let r(v) = 8*v + 2 + v**2 + 4*v**2 + v**2 - w*v**2. What is r(i)?
-13
Let v(y) = -2 + 11*y + y - y. Let n(i) = i**2 + 845*i - 5108. Let b be n(6). Determine v(b).
-24
Let f(r) = 2*r + 3 + 5 - 1766*r**2 + 886*r**2 + 3 + 879*r**2. Give f(6).
-13
Let c(l) = l**3 + 8*l**2 - 7*l + 9. Let q(z) = z**3 - 2*z**2 - 25*z - 3. Let b be 6*(-3)/(-6)*2. Let o be q(b). Determine c(o).
-9
Suppose 0*g + 456 = 12*g. Let j(m) = g + 2*m - m - 14 - 10. Determine j(-8).
6
Let t = 159 + -140. Suppose 11 = 10*x - t. Let f(o) = -o**2 + 3*o. Determine f(x).
0
Let x = -4020 + 4024. Let z(r) = 4*r**2 - 3*r - 1. Let b(v) = 3*v**2 - 3*v. Let j be 2 + (-3)/(6/14). Let c(g) = j*b(g) + x*z(g). Give c(-5).
6
Let v(p) = p - 3. Let k be v(7). Let o(m) = -m + 9. Let h be o(k). Let b(g) = 5*g - 4*g**2 + 0*g - 3*g + h - g**3 - 3*g. What is b(-4)?
9
Let f = -4362 - -4370. Let p(a) = -a**3 + 9*a**2 - 8*a + 7. Determine p(f).
7
Let r = 694 - -1156. Let m(z) = 3727 - r + z**2 - 1859 - z**3 + z. Give m(0).
18
Suppose -5 = 2*r - r. Let z(j) = -6211*j - 25. Let m(l) = -1129*l - 5. Let k(a) = -11*m(a) + 2*z(a). Determine k(r).
20
Let d(f) = f**3 - 8*f**2 + 6*f. Let l = -3189 + 3196. Determine d(l).
-7
Suppose -76*o + 77*o - 3*b = -36, -11*b + 34 = o. Let r(j) = 2*j**3 + 43*j**2 + 20*j - 21. Determine r(o).
0
Let f(n) = -n + 19. Let l be f(10). Let v(q) = q - 7. Let g be v(l). Let a(r) = 11*r**2 - 5*r**2 - 11*r**g. Determine a(1).
-5
Suppose 19*m + 570 = -29*m - 6. Let f(g) = g - 10. Give f(m).
-22
Let m(r) = 21*r**2 - 3*r - 3. Let b(o) = -60*o**2 + 10*o + 10. Let g(k) = 3*b(k) + 10*m(k). Suppose -2*l = -5*w - 3 + 11, -4*l = 5*w - 14. Give g(l).
30
Let y(g) = g**3 - 6*g**2 - 2*g + 4. Suppose 24*h = 9*h + 150. Let z(o) = -o**2 + 11*o + 11. Let k be z(h). Let n(i) = i**2 - 21*i + 6. Let d be n(k). Give y(d).
-8
Let j(z) be the third derivative of z**5/60 - 7*z**4/24 - 7*z**3/3 + 2*z**2 + 711*z. Calculate j(15).
106
Suppose 0 = -2*w + 5*w - 9. Let v = -70 + 58. Let c be (-8)/v - (14/w + 0). Let m(d) = 2*d + 2. What is m(c)?
-6
Suppose 2*i = -x - 1, 5*i = -5*x - 5 - 5. Let h be i*-1*(-19 + 19). Suppose -5*g + 10 = 4*t, -2*g + h*g - 9 = -t. Let p(u) = 4*u**2 + 2. Determine p(g).
18
Let m(g) = g**2 + 8*g. Suppose 2380 = -222*y - 38*y - 80*y. Give m(y).
-7
Let r(p) = -5*p**2 - p**3 + 1 + 0 + 2*p**2 + 4*p. Let x = -540 + 539. Let j be (-1)/((x/2)/(8/(-4))). Calculate r(j).
1
Let v(r) be the first derivative of 17*r**2/2 + 49*r + 9. Let x(o) = 6*o + 17. Let y(a) = 4*v(a) - 11*x(a). Calculate y(-7).
-5
Let o(h) = -16*h**2 + 73*h - 4. Let k(m) = 18*m**2 - 81*m + 4. Let l(x) = -9*k(x) - 10*o(x). What is l(7)?
-101
Let i(x) = -3*x - 25. Suppose 41*c + 140 = -c + 28*c. Determine i(c).
5
Let k(r) = -r**2 - r + 2. Suppose 4*j - 52 = 48. Suppose 3*t = -4*x + 79, 3*t + x - 64 - 3 = 0. Let z = t - j. What is k(z)?
-10
Suppose -r = -3*u + 10, 3*u - 12*r + 10*r - 11 = 0. Let a be ((-9)/u + 1 - -3) + 9. Let g(h) = -2 + 10 + 2 - 11*h + h**2 + 4. What is g(a)?
4
Let u(b) = 2*b**2 - 7*b + 20. Let c(l) = 3*l**2 + 94*l + 31. Let a be c(-31). Calculate u(a).
20
Let j(g) = 4*g**3 + 3*g**2 - 13*g + 5. Let v(u) = -2*u + 10*u**3 + 23*u**3 - 34*u**3 + 3*u + u**2. Let z(p) = -j(p) - 5*v(p). What is z(7)?
2
Let n = 21 - 13. Suppose 32 = 4*v + 2*s, -v + 3*v - 5*s = -n. Let q(d) = 71*d**3 - 3 - 70*d**3 + v*d**2 - 6*d - 3. Give q(-7).
-13
Let q(p) = p**2 + 6*p + 8. Suppose -2*k = -2*z + z + 42, -4*z + 142 = 5*k. Suppose -5*o = -4*g - 5 - 28, 5*g = 3*o - z. What is q(g)?
15
Let u(r) = r**3 - 6*r**2 - r + 12. Suppose -3*x + 16 + 8 = 0. Suppose m = x - 2. Let y be u(m). Let w(f) = -f + 11. Calculate w(y).
5
Let a = 20 - 24. Let f be a + 4/(20/(-25)). Let k(b) = b**3 + 8*b**2 - 9*b + 5. Give k(f).
5
Let c(b) = 5*b**2 + 9*b. Suppose -22*w + 36 - 131 = 37. What is c(w)?
126
Let s(m) = -m**3 + 25*m**2 + 33*m - 1818. Let x be s(23). Let c(d) = 166*d**3 - d**2 - d - 1. Calculate c(x).
-167
Suppose 3*p = 10 - 1. Let c be 2/(p/((-6)/(-2))). Let y(x) = 2*x - 48*x**2 + 1 + 133*x**c - 45*x**2 - x**3 - 46*x**2. Determine y(-6).
-11
Let u(k) = k**2 + 7*k - 11. Suppose -13*b + 15*b = -6. Let m be b/(((-15)/10)/(-3)). Let t = -2 + m. Calculate u(t).
-3
Let t(g) = 5*g + 12. Let v(c) = 36*c + 60. Let j(r) = -5*t(r) + v(r). Suppose 1 = y + 5*z - 4*z, 3*y - 3 = -z. Determine j(y).
11
Let r = -17 - -23. Suppose 2*d + o - 6 = 0, -2*d - 2 = 3*o - r*o. Let j be 24/(-18)*(1 + d). Let v(p) = p + 1. Determine v(j).
-3
Let m(q) = 9*q**3 + 19*q**2 + 4*q + 124. Let j(f) = 5*f**3 + 10*f**2 + 2*f + 70. Let v(p) = -7*j(p) + 4*m(p). Calculate v(-5).
21
Let b(i) = 3*i - 1. Let x(u) = -55*u + 102*u + 3 - 51*u. Let l(j) = -3*b(j) - 2*x(j). Calculate l(-10).
7
Let t(f) = -f**2 - 2*f - 1. Let u(p) = -p**2 - 11*p - 5. Suppose -17*d + 11*d + 36 = 0. Let k(i) = d*t(i) - u(i). What is k(-1)?
-5
Let k be 2/(-6)*(3 + -6). Let i be (-1 - 2) + (-12)/4*k. Let f(n) = 2*n + 4. Calculate f(i).
-8
Let h be (8/14)/(14/49). Let m(u) = -u + 6*u + 1 - 2*u - h*u. Give m(-1).
0
Suppose -3 = 5*k - 4*x - 10, -3*x = 4*k - 18. Suppose 3*n = n + 5*z + 36, -k*z + 6 = 0. Let i(u) = n + 0*u**2 + u**2 + 5*u - u - 22. Determine i(-5).
6
Let v(z) = z**3 - 9*z**2 - 2*z - 11. Suppose -3*s + 31 = 2*n, 0 = -7*s + 2*s - 5*n + 60. Give v(s).
-123
Let t(d) = 3*d + 1. Let c(o) = -o + 6. Let g be c(4). Suppose 0 = w - g - 1. Suppose 3*f - 3*z = 29 - 2, 4*f + w*z - 1 = 0. Calculate t(f).
13
Let x(u) = 12*u - 334. Let g(m) = -4*m + 121. Let i(b) = -11*g(b) - 4*x(b). Suppose 3*q - 8 + 2 = 0. Determine i(q).
-3
Let v(s) = -5*s**2 - 3*s - 6. Suppose -18 + 23 = 5*a. Let u(l) = -l**3 - l**2 - l. Let y(d) = a*u(d) + v(d). Calculate y(-5).
-11
Suppose -2*b = 3*v - 4*b - 50, -v - b = -15. Suppose v = -10*s + 12*s. Let n(m) = m - 5*m + s - 6*m + 8*m. Give n(6).
-4
Suppose -7 = -2*c - 5*n, c - 2*n + 1 = -0*c. Let w be (-1)/(3/6) - c. Let r(d) = 79473 - d**2 - 158940 - 3*d + 79471. Calculate r(w).
4
Let i(n) = n**2 - 5*n + 3. Let x be i(5). Suppose 6 - 21 = -x*r. Let v(l) = 11*l - 10. Let m(c) = -31*c + 28. Let y(j) = -6*m(j) - 17*v(j). Determine y(r).
-3
Let d(n) = -29*n**2 + 1. Let b = 457 - 1107. Let f = b + 649. Calculate d(f).
-28
Let m(d) = 7*d + 8. Let c = -46 - -52. Let u(v) = 0 + 3 + 7 - 3 + c*v. Let w(p) = -5*m(p) + 6*u(p). Determine w(-2).
0
Let a(b) = -31*b**2 - 24*b - 49. Let p(m) = -14*m**2 - 11*m - 25. Let g(k) = -5*a(k) + 11*p(k). Determine g(7).
12
Let z(g) be the first derivative of 3*g**2/2 + 126*g + 1691. Give z(-46).
-12
Let a(j) = 129*j - 5564. Let m be a(43). Let q(r) = 8*r + 134. Calculate q(m).
-2
Let r be 1/(10/(-24))*(1775/50 + -38). Let q(b) = -3*b - 6*b**2 + 4 - 2*b**3 - 2*b**3 + 5*b**3. Calculate q(r).
-14
Suppose 0*l + 20*l - 87*l = 80*l. Let t(z) = 9*z + 4. Give t(l).
4
Let k(p) = 5*p**2 + 4*p**3 + 16 + 187*p + p**2 - 5*p**3 + 15 - 163*p. What is k(9)?
4
Let i(z) be the first derivative of -z**4/4 + 8*z**3/3 - z**2/2 - 10*z + 7343. Determine i(5).
60
Suppose 269*z - 393*z - 1240 = 0. Let f(q) = -q**2 + 83. Determine f(z).
-17